= 0. What is the highest common divisor of r and 29?
29
Let x(j) = -2*j**2 - 42*j + 305. Let b be x(10). Let o be (2/3)/((390/b)/(-13)). Calculate the greatest common factor of o and 119.
7
Let l(t) = -223*t - 3943. Let u be l(-21). Calculate the greatest common divisor of u and 380.
20
Suppose -109*f + 124*f - 3600 = 0. Calculate the greatest common factor of f and 310.
10
Let d = -2 + 4. Let c = 1383 - 1356. Suppose -2*w + 22 = j, -d*j - 2*w + 7 + c = 0. Calculate the greatest common divisor of 3 and j.
3
Let y be (-23)/(-207) - (-376)/18. Suppose 3*j + j + 104 = 0. Let q be j/(-4) + 1/2. Calculate the greatest common divisor of q and y.
7
Suppose -3*n + 5*n - 36 = 4*p, 2*n - 4 = -4*p. Calculate the highest common factor of 98 and n.
2
Suppose -1240 = -7*h + 2*h. Let w be 11/(-66) - 31/(-6). Suppose w*z - 3*r + 15 = 170, -3*z = -2*r - 93. What is the highest common divisor of z and h?
31
Suppose -4 = 2*l - 0. Let i be 10*16/28 + l/(-7). What is the greatest common factor of i and 156?
6
Let p = 109 - 103. Let k be (-136)/72*-21 + 2/p. What is the greatest common divisor of k and 32?
8
Suppose 668 = -5*t + 5093. What is the greatest common factor of t and 75?
15
Let g be (44/(-2))/(10 + (-1941)/114 - -7). What is the greatest common factor of 228 and g?
76
Let m = 297 + -311. Let f be (m - -29) + 0 + (-4)/1. Let k be (-724)/(-6) - (-2)/6. What is the highest common divisor of f and k?
11
Let b(g) = -g**3 - g**2 + 6*g - 7. Let v be b(-5). Suppose -294 = -2*m - 2*i, 0 = 5*m - 26*i + 22*i - 735. Calculate the highest common divisor of v and m.
21
Let g be (5 + -4)/((-1)/(-4)). Suppose 170 = g*u - u - 5*q, u - 68 = -4*q. Calculate the greatest common factor of 24 and u.
12
Suppose -231*d - 35*d = -1545460. Calculate the greatest common divisor of 14 and d.
14
Let w(b) = -3*b**2 - 10*b - 45. Let a(s) = 2*s**2 + 11*s + 45. Let o(f) = -4*a(f) - 3*w(f). Let h be o(-6). Calculate the highest common divisor of 45 and h.
15
Suppose -5*p - 66 = 3*n, 3*p + 0*p - 2*n = -51. Let g be p/3 + 3 + 44. Let x(i) = 18*i + 146. Let r be x(-5). Calculate the highest common factor of g and r.
14
Let j(c) = c**2 - 10*c - 6. Let y be j(13). Suppose -98*m = -129*m + 682. What is the highest common divisor of y and m?
11
Let n = -20193 - -20292. Let b = 78 + -34. Calculate the highest common factor of b and n.
11
Suppose 5710 = 57*f + 67. Calculate the highest common divisor of 319 and f.
11
Let i(g) = g**2 + g - 7. Let m = 11 - 5. Let y be i(m). Let f(s) = 2*s**2 + 9*s - 49. Let r be f(-8). What is the greatest common divisor of r and y?
7
Let h = -42538 - -43148. What is the greatest common factor of h and 1090?
10
Suppose 13*o - 18 - 5 = 146. Calculate the greatest common factor of 5161 and o.
13
Let p be -1*16/8 + 2*2. Suppose 0 = 5*x + p*x - 140. Calculate the greatest common divisor of x and 40.
20
Let f(l) = l**3 - 21*l**2 - 219*l + 14. Let c be f(-7). What is the greatest common factor of c and 1505?
35
Suppose -11*l = -16*l + 4*n + 3325, 5*l - 2*n - 3315 = 0. Let t = l + -652. What is the highest common divisor of t and 117?
9
Let g be -1 - 19327/(-17) - (-62)/527. Calculate the greatest common divisor of 16 and g.
16
Let c(a) = 2*a**3 + 91*a**2 - 21*a - 530. Let m be c(-37). Calculate the highest common factor of m and 10.
10
Suppose 5*d - 5 = -20, -6*w + 5*d = -1737. Calculate the highest common factor of w and 35.
7
Suppose 6*u + 27 + 21 = 0. Let z be 16/24 + 3 + u/3. Let j(x) = -x**3 - x**2 + 4*x + 3. Let c be j(-3). What is the highest common factor of z and c?
1
Suppose 6*f + 174 + 1704 = 0. Let u = f - -439. What is the greatest common divisor of u and 54?
18
Suppose 5282*t - 5342*t = -152100. Calculate the highest common divisor of 240 and t.
15
Let q = -1757 - -2617. Calculate the greatest common factor of q and 520.
20
Let m(k) = 12*k - 125. Let q be m(11). Let h(y) = 18*y + 23. Let z be h(10). What is the highest common factor of z and q?
7
Let f(z) = z**2 - 5*z - 4. Let i be f(-3). Let w be (-9)/(((-28)/i)/(-7)). Let c be w/((-10)/2) - -2. Calculate the highest common factor of c and 33.
11
Suppose 17 = q - 5*w, 4*q - w + 0 = 49. Let b be 29 - ((-2)/(-3) + q/36). Calculate the greatest common factor of b and 28.
28
Let x = -3 + 25. Suppose x + 50 = 6*m. Let s = m + -4. Calculate the highest common factor of 72 and s.
8
Suppose 0 = -r - o + 9, -7*o + 4*o + 9 = 0. Suppose -r*b + 186 = -390. Let n(x) = -3*x + 3. Let d be n(-3). What is the highest common factor of b and d?
12
Suppose -8*n - 1113 = 287. Let y = n - -193. Calculate the greatest common divisor of 72 and y.
18
Let g be (7 - (-560)/44) + (-12)/(-44). What is the greatest common divisor of g and 485?
5
Let j = 72 - 42. Suppose 6*d - 3*d = j. Suppose -4*b - b = 3*u - 20, -5*b - d = 0. What is the greatest common factor of u and 130?
10
Let g(y) = -4*y - 229. Let h(t) = t + 57. Let z(b) = 2*g(b) + 9*h(b). Let n be z(-4). What is the highest common factor of n and 34?
17
Let o be (75/20)/((19964/80)/(-23) - -11). Let b be (-750)/(5/(-2) + 1). Suppose 3*x = -x + b. Calculate the greatest common divisor of o and x.
25
Let w = 211 + -114. Suppose w*i - 95*i = 52. Let a(m) = m**2 - 2*m + 5. Let d be a(4). What is the highest common factor of i and d?
13
Let q(o) = 35*o**3 + 5*o**2 - o - 1. Let b be q(1). What is the greatest common factor of b and 3933?
19
Let g = -107 + 46. Let x = g - -63. Suppose 4*q - 7 = -x*b + 67, -3*q = 5*b - 73. What is the greatest common factor of q and 112?
16
Suppose 46*z = 148*z - 6120. Let d be -30*1*10/(-75)*9. What is the greatest common divisor of d and z?
12
Suppose -84*g + 74*g = -60. Suppose g*s = -2*s + 96. Calculate the greatest common divisor of 18 and s.
6
Let a(h) = 25*h - 30. Let x be a(10). Suppose 3*w + 70 = x. Calculate the highest common factor of w and 15.
5
Let f = 948 + -479. Calculate the highest common factor of 134 and f.
67
Let l be (39/12 + (-80)/32)*(216 + 0). Suppose q - i + 0*i - 14 = 0, 3*i = q - 6. Calculate the greatest common factor of l and q.
18
Suppose 2*z - 2*o = -4, -2*z - 2*o + 4 = 2*z. Suppose z = 25*s - 43 - 207. What is the highest common divisor of s and 160?
10
Let s be (21/9)/(1/81). Let c(u) = -u**3 + 22*u**2 - 10*u - 1254. Let n be c(17). Calculate the greatest common factor of s and n.
21
Let o be 342/((-3)/(6/(-2))). Suppose 0 = -o*l + 352*l - 280. What is the highest common factor of l and 20?
4
Let t(u) = u + 69. Suppose -35 = -3*w - 3*v + 10, -4*w + 44 = -4*v. Let d be t(w). What is the highest common factor of d and 205?
41
Suppose i + 3*q - 23 - 19 = 0, 0 = 4*q - 16. Let a = i + -42. Let b be (-2)/4*a*(-2)/(-2). Calculate the highest common factor of 21 and b.
3
Let t be ((-540)/(-150))/((-5)/(2850/(-9))). What is the greatest common divisor of 84 and t?
12
Let c be ((-2)/(-6))/(26/390) - 4. Calculate the highest common divisor of c and 154.
1
Suppose -139 = -5*d + 71. Suppose 3864 = -105*v + 109*v. Calculate the highest common factor of v and d.
42
Suppose 0 = -6*v + 265 + 65. Suppose v*b + 168 = 58*b. Calculate the greatest common factor of 21 and b.
7
Let p = 23040 - 22224. What is the greatest common factor of p and 2091?
51
Let v = -3102 + 3227. Calculate the highest common divisor of 875 and v.
125
Let y = -15346 - -16562. Calculate the greatest common divisor of 40 and y.
8
Suppose 15 + 337 = 4*h. Suppose 455 = -81*j + h*j. Calculate the highest common divisor of j and 325.
65
Let d be (502*(5/10)/(-1))/1. Let t = 271 + d. Calculate the greatest common divisor of 20 and t.
20
Let r = -5636 + 8068. Let o be 2*(r/40)/((-4)/(-20)). What is the greatest common factor of 57 and o?
19
Let m(g) = g**2 - 29*g + 194. Let k(j) = -19*j + 9. Let f be k(0). Let l be m(f). What is the greatest common divisor of 18 and l?
2
Let k = -15022 - -17507. What is the highest common factor of 280 and k?
35
Let c be 2 + 21/(-3) + 8. Let k be 374/66 + 1/c. Let w = 7 + 5. What is the greatest common factor of w and k?
6
Suppose -1339 = 33*f - 3517. What is the highest common divisor of f and 77?
11
Let z be 12*7/(-126)*1/(2/(-300)). Calculate the greatest common factor of z and 1050.
50
Suppose 11*h = 6*h + 380. Let t = h - 79. Let r be ((-8)/((-12)/t))/(1/(-160)). What is the greatest common factor of 40 and r?
40
Let y(b) = -b**3